 + 3*p - r. Suppose -p*d - 3810 = -4*m, 4*m + d - 3802 = -0*m. Is m a composite number?
True
Let s = 22 - 20. Suppose 3*z = s*r - 9938, 3*z + 2*z = -20. Suppose -v + r = 6*v. Is v a prime number?
True
Suppose 4*d = 20, d = -3*q - q + 5618985. Is q composite?
True
Suppose 2*i = -2*z + 134583 + 197515, 4*i + 332062 = 2*z. Is z a composite number?
False
Let i(r) = r**2 + 5*r - 1. Let d be i(-6). Suppose d*s = -233 + 3988. Let w = s - 344. Is w composite?
True
Let v be 28/84 + 2/(6/23). Suppose v*x + 14 - 22 = 0. Is (1 + -332)/(x/(-1 + 0)) composite?
False
Suppose -3*y = 152*n - 149*n - 2566989, n = 4*y - 3422672. Is y a prime number?
True
Let n be (-2 - 1)*(-4)/6. Let m(l) = -1116*l + 5. Let q(v) = 3277*v - 14. Let w(r) = 17*m(r) + 6*q(r). Is w(n) a prime number?
True
Suppose -x = -5*r + 52, -2 = x - 0*x. Let j = -1200 - -4899. Suppose -r*b + b + j = 0. Is b composite?
True
Let d be (-12)/(-5) + 21/35. Suppose -47 = -d*a - 20. Suppose a*g = 7*g + 1486. Is g a prime number?
True
Let j = 5409 - 1237. Is j*(-5 + (-105)/(-20)) prime?
False
Let d(t) = 13*t**2 + 12*t - 22. Suppose -37 = 3*a - 5*u, 4*a - 3*u - 5 = -36. Let z be 12 - (-1*12)/a. Is d(z) a prime number?
False
Let q(v) = 3*v**2 - 10*v + 10. Let r be q(4). Suppose -20*p = -r*p - 13274. Is p prime?
True
Let n be 8824/(-12)*63/(-6). Suppose -3*d = -5*m + n, -3*m + 2*d = -6*m + 4625. Is m a prime number?
True
Let f(k) = 1246*k**2 - 8*k - 2. Let t be f(-5). Suppose 115*i - 119*i = t. Let r = i + 11096. Is r composite?
False
Is ((-43424475)/1125 - (-1)/5)*33/(-2) a prime number?
False
Suppose -2*z = -l + 478 - 3757, -l + 3 = 0. Let r = -2 + 7. Suppose 5*i - 4903 - 3302 = r*s, i - z = 3*s. Is i a composite number?
True
Let w(g) = 42 + 1219*g + 6*g**3 + 27 + 6*g**2 - 1218*g. Is w(10) composite?
False
Let j = 139115 + -22794. Is j a prime number?
False
Suppose -2*u + 104413 = -5*z, u - 5470 - 46723 = -2*z. Suppose 12*s - u = 62917. Is s a composite number?
True
Let m(v) = -4*v**3 + 44*v**2 - 66*v - 395. Is m(-21) a composite number?
True
Let r(u) be the second derivative of -31*u - 13/2*u**2 - 361/3*u**3 + 0. Is r(-3) a composite number?
False
Let u = -1 - 4. Let z = 16 + u. Is 35960/50 + z/(-5) + 2 a prime number?
True
Let s = 740691 - 518106. Is s/25 + 4/(-10) prime?
False
Let b be (0 - (0 - -4))/(-2). Let h be (b/(-3))/((-4)/12). Suppose 5*s + 5*j - 305 = 0, 5*s + h*j - 184 = 2*s. Is s composite?
True
Let s(k) = 2*k - 27. Let l be s(15). Let h be -1*(0 + l) + -2 + -2. Is (6 - (-195)/(-35)) + (-60932)/h composite?
True
Let p = -148 - -150. Suppose -p*l - 2*u + 6092 = 0, 2242 = -5*l + 3*u + 17480. Is l a prime number?
False
Let r(s) = -45*s**3 + 7*s**2 + 149*s - 10. Is r(-11) a composite number?
False
Suppose -6*y = 15*y + 42. Is 9007 + (-2 - y)/(2 - 5) composite?
False
Let y(d) = 22*d**3 - 24*d**2 + 134*d + 23. Is y(18) composite?
False
Is ((-656702)/(-303))/(4/222) composite?
True
Let a be -7 + (38 - (6 - 10)). Suppose o = 2*d - a + 2620, 4*d - 7725 = -3*o. Is o a composite number?
False
Let g(k) = -1 + k**3 + 6*k + 12*k - 2*k**3 - 14*k**2 + 17. Let b be g(-17). Let s = -374 + b. Is s composite?
True
Let w be 30/9*60/25. Let k(r) = r**3 + 2*r**2 + 13*r + 7. Is k(w) prime?
True
Let w(o) = -5*o**3 - o**2 + o + 1. Let v be w(-1). Suppose -v*j + 9*j = 0. Suppose 4*x + 859 - 4671 = j. Is x composite?
False
Let f = 39045 + -2233. Let w = f - 14513. Is w a prime number?
False
Let n be 10/15 - 142/6. Let p = -15 - n. Suppose 595 = -p*j + 15*j. Is j a prime number?
False
Suppose 33*l = 11997073 + 11126720. Is l composite?
True
Let y(m) = 63*m - 195*m - 325 - 45*m - 359*m. Is y(-7) a prime number?
False
Let o(t) = 20*t - 38. Let w be o(2). Suppose 13284 = 3*a + 2*p, 5*a - w*p - 22127 = -p. Is a a prime number?
False
Let s = -203445 + 381253. Is (2*(-4)/(-16))/(8/s) prime?
True
Let o be 2/(2 + 30000/(-15018))*3. Let t = o + -1246. Is t prime?
False
Suppose -6*s + 4*s = -3*z + 156, 0 = -z - 4*s + 38. Let c(w) = w**2 + 41*w - 43. Is c(z) a prime number?
True
Is 1/(90/(-36)*6/(-681045)) composite?
False
Suppose -3*p + 27 = -z, 2*p - 27 = -p + 5*z. Suppose p*n - 14*n - 10 = 0. Is (3/(-3))/(n/4382) prime?
False
Suppose -2*f + 3 = x + 2, -3*f = 4*x - 9. Is f*8269*(10 + -11) a prime number?
True
Suppose 2*y - 7 = 3. Let u(s) be the second derivative of s**5/10 - s**4/6 - s**3 - 3*s**2/2 - 26*s. Is u(y) composite?
False
Let y(s) = -4*s**3 - 2*s**2 - 32*s - 64. Let r be y(-2). Suppose 1084763 = 37*j + r*j. Is j a composite number?
False
Let m = -13 - -16. Suppose -m*v - 878 = -2*v. Let f = v + 1699. Is f prime?
True
Is 1969726/154 + (-8)/(-14) a prime number?
True
Let m be (47 - 46) + -614*(-19)/2. Let a = m - 253. Is a a prime number?
True
Let w(r) = -23*r**2 + 7*r - 71. Let j(z) = 22*z**2 - 8*z + 70. Let i(t) = -6*j(t) - 7*w(t). Is i(-12) a composite number?
True
Suppose -16*f + 31031 = -63977. Let n = f + 2043. Is n a composite number?
True
Let a be -4*14/(-4)*1085/62. Let v = a + -489. Let r = 642 + v. Is r prime?
False
Let p be (1152/240)/((-1)/10 + 0). Let j = p - -94. Is j a composite number?
True
Let x be 3/((-135)/(-50) - 3). Is (5 + 115/x)*-362 a composite number?
True
Let c = -221866 - -332049. Is c prime?
True
Is 2/(-3)*(28 + 10237854/(-12)) a prime number?
True
Suppose 3234 = 3*y - 0*y. Let j be (-4 + 8 + -3)*(-437 + 12). Let p = j + y. Is p composite?
False
Suppose 5*b - 3658712 = -p, -2195220 = -3*b + 80*p - 83*p. Is b prime?
False
Suppose 5*o - 68460 - 271927 = 224298. Is o a prime number?
False
Let z = 959 + -677. Let b = -185 + z. Is b a composite number?
False
Let i(a) = -1. Let t(c) = -1174*c - 49. Let v(l) = -4*i(l) - t(l). Is v(5) a composite number?
False
Is 70/(-525) + (1509244/30 - -1) a prime number?
False
Suppose -4*x + 84960 = -10*v + 6*v, 4*x - 2*v - 84958 = 0. Is x a composite number?
True
Let x(m) = -355*m - 94. Suppose 24*g + 99 + 117 = 0. Is x(g) prime?
False
Suppose 8 = -2*f, -f + 1610 = z - 4448. Suppose -2*b + 22 = -5*g, 10 = 2*b + b + 4*g. Suppose -30356 = -b*i - z. Is i composite?
False
Suppose 16 - 24 = -2*a. Suppose 4*u - 27937 = n + 30431, 58344 = a*u + 5*n. Is u a prime number?
True
Suppose -5*m = 2*m - 14. Suppose 2*c - 4*w - 36 = -0*c, -5*c + w = -45. Is m/4 + 6468/c prime?
True
Let t(o) = 3 - 11*o + 7*o**2 - 5 + 3*o**2 + 0*o**2. Let u be t(5). Suppose 727 = 6*z + u. Is z composite?
False
Suppose 5016 = -2*i - 5*y, -6*i + 3*y + 2508 = -7*i. Let l = i - -4607. Is l prime?
True
Let l be -5 + ((-5)/5)/(1/32601). Suppose -4*w - 88 = -284. Is 2 - (l/w - (-3)/7) a prime number?
False
Is (6/9)/(16 + (-7285984)/455376) composite?
True
Let g(y) = 95*y**2 - 30*y + 15. Let p(t) = 95*t**2 - 32*t + 16. Let z(d) = 3*g(d) - 2*p(d). Is z(12) prime?
True
Suppose 0 = -18*u + 115668 - 20394. Suppose -3*q - 2*s = -12007, 6704 = 3*q - 3*s - u. Is q prime?
True
Let b(r) = 5960*r**2 - 509*r - 6247. Is b(-12) composite?
False
Let d(w) = 98*w + 27. Let q(m) = -m**3 - 6*m**2 - 10*m - 3. Let a be q(-4). Suppose -a*u + b + 50 = -4*b, 2*u - 24 = b. Is d(u) composite?
False
Suppose -48153 = -d - 5*c, -2*d + 96350 = -0*d - c. Is d a prime number?
False
Is ((-18)/(-24)*-79)/((-6)/15896) composite?
True
Suppose -2*k - k = -5*q - 15, 4*k = 4*q + 20. Suppose -3*g + 1301 = k*y, -y - 2*g + 259 = -g. Is y composite?
True
Suppose -10 = -0*w - 2*w. Suppose -9031*r = -9039*r. Suppose 0*v - 4*v - 6422 = -3*s, w*s + 3*v - 10684 = r. Is s a composite number?
True
Is -10 - 109*(-2958 + 17) a composite number?
True
Let j(i) = 9*i**2 - 13*i - 52. Let n be j(19). Let d = n - 371. Is d a composite number?
False
Let b(g) = g - 1. Let a(t) = -15 + 141*t + 203*t + 203*t - 44*t. Let k(x) = a(x) - 6*b(x). Is k(4) prime?
True
Let s(p) = 238*p**2 - 25*p - 408. Is s(-27) a prime number?
False
Is 9 + -3 + -7 - (-38592)/4 composite?
True
Suppose -s - 5*z = -25237, 3*s = s - 4*z + 50498. Suppose 5*t - 5*q + s = 8*t, t - 8419 = -3*q. Is t composite?
False
Suppose -377397 = -3*g + 3*s - 6*s, s = 4*g - 503186. Is g prime?
False
Let o(g) = -g**2 - 31*g + 184. Let w be o(-36). Suppose -w*f + 2173 = l + 482, -2*l + 4*f = -3382. Is l a prime number?
False
Let v = 10 + -8. Suppose -2*h = 3*d + 2*d - 230, 4*d - h - 171 = 0. Suppose -4*c + 144 = -v*w, 134 + d = 5*c - 2*w. Is c a prime number?
False
Suppose 67 + 7 = 4*s + 3*k, k = -2*s +